at is 3750 - 0?
3750
In base 14, what is 79bb5 - 5?
79bb0
In base 12, what is 74 - -1414?
1488
In base 2, what is 101 + -10101010101011?
-10101010100110
In base 7, what is 1 + -60111?
-60110
In base 14, what is 299 - 157?
142
In base 7, what is -63 - 4655?
-5051
In base 6, what is -115 - -14501?
14342
In base 12, what is -220 - -2309?
20a9
In base 2, what is 111 - -100000010101010?
100000010110001
In base 10, what is 1501 - 405?
1096
In base 15, what is 1 + 15027?
15028
In base 2, what is -110111 + -110100111011?
-110101110010
In base 4, what is 22 - 10003233?
-10003211
In base 15, what is -172 - 57?
-1c9
In base 9, what is -16763 + -133?
-17006
In base 6, what is 412235 + -24?
412211
In base 3, what is -11001020 + -12?
-11001102
In base 11, what is 78702 + -9?
786a4
In base 6, what is 30 - -33322?
33352
In base 13, what is 1c02 - 2a5?
192a
In base 10, what is 1475872 + 5?
1475877
In base 3, what is -21122 + 2022101?
2000202
In base 8, what is -13 - -1236?
1223
In base 4, what is 1230 + 102311?
110201
In base 16, what is 38 + -d1f?
-ce7
In base 3, what is -112111210100 - -121?
-112111202202
In base 10, what is 3 + 7123?
7126
In base 9, what is 201352 + 4?
201356
In base 15, what is -12ea - -15?
-12d5
In base 11, what is 10a1 + 186?
1277
In base 9, what is -5 + 65208?
65203
In base 6, what is 33 - 41?
-4
In base 12, what is -2 + 330134?
330132
In base 10, what is -556 + 3711?
3155
In base 16, what is -3539 - -2?
-3537
In base 9, what is 36 + 2812?
2848
In base 16, what is 8 - -3cd3b?
3cd43
In base 8, what is 17 + -756?
-737
In base 9, what is -3452 + -676?
-4238
In base 14, what is 8 - -12c7?
12d1
In base 4, what is -13 + 113212321?
113212302
In base 7, what is 250 + -2333?
-2053
In base 9, what is -651756 - -5?
-651751
In base 16, what is -2f4 - 36?
-32a
In base 12, what is 0 - -6939?
6939
In base 7, what is -2 - -10005652?
10005650
In base 13, what is -709 - 81?
-78a
In base 4, what is 30312 + -10101?
20211
In base 2, what is -10000010110 - -11011?
-1111111011
In base 8, what is 0 - -2216417?
2216417
In base 14, what is -2 - -161d7?
161d5
In base 14, what is -33a1 + -2c6?
-3687
In base 8, what is 11 + -37305?
-37274
In base 3, what is 210 - -1112222?
1120202
In base 7, what is -6 - 23000?
-23006
In base 15, what is 1275 - 1?
1274
In base 8, what is -1427 - -24?
-1403
In base 15, what is -52 + 506?
4a4
In base 10, what is 981 + -6?
975
In base 15, what is -4cbe + -73?
-4d42
In base 2, what is 10111110010 + -1000011?
10110101111
In base 13, what is -ab + -8?
-b6
In base 13, what is -35 - -719?
6b4
In base 3, what is -100202110 + -220?
-100210100
In base 7, what is 300 + -652?
-352
In base 7, what is -16 - 144245?
-144264
In base 8, what is -127 - -376?
247
In base 5, what is -1 - 122000143?
-122000144
In base 12, what is 1 - -5b90?
5b91
In base 9, what is 176643 + 3?
176646
In base 15, what is 4 - 2678?
-2674
In base 3, what is -22000201 - -1?
-22000200
In base 14, what is 141 + 208?
349
In base 5, what is -20223011 + 13?
-20222443
In base 8, what is -136 + -40657?
-41015
In base 15, what is 1 - b76?
-b75
In base 13, what is -5c68 + 6?
-5c62
In base 7, what is -6 - 63512?
-63521
In base 16, what is 3005 + -4?
3001
In base 13, what is -4 - -65bc?
65b8
In base 15, what is -19 + -29d9?
-2a03
In base 3, what is 2 - 10201011202?
-10201011200
In base 2, what is 1000011010011001111000 + -10?
1000011010011001110110
In base 2, what is -1011100 - 11000111001?
-11010010101
In base 12, what is 119 - -2887?
29a4
In base 12, what is -63 - -10816?
10773
In base 12, what is -13 - -11648?
11635
In base 9, what is -426 + -28?
-455
In base 14, what is 11d6 - -17?
120d
In base 12, what is -5 + 2a4333?
2a432a
In base 6, what is 224334 - 11?
224323
In base 11, what is 5344 - -2?
5346
In base 11, what is -1a81 + 78?
-1a04
In base 11, what is -1 - 113284?
-113285
In base 3, what is -1201121020201 + -12?
-1201121020220
In base 14, what is -d4 + 18?
-ba
In base 14, what is -27 + -6128c?
-612b5
In base 16, what is 14f8d - 1?
14f8c
In base 13, what is -1b + 8c01?
8bb3
In base 4, what is 303230 + -2110?
301120
In base 16, what is -82d - 39?
-866
In base 4, what is 0 - 10001311?
-10001311
In base 11, what is -91 + -2a02?
-2a93
In base 3, what is -102 - 200?
-1002
In base 9, what is -1 - -656252?
656251
In base 8, what is 20 + -2646?
-2626
In base 8, what is -15 + 210510?
210473
In base 10, what is -22418 + 3?
-22415
In base 3, what is -1 + -1021111202?
-1021111210
In base 12, what is -5275 - -3?
-5272
In base 7, what is 5 + 1302121?
1302126
In base 10, what is -619503 + 2?
-619501
In base 10, what is -351 - 7313?
-7664
In base 11, what is -677 - -1175?
5a9
In base 5, what is 4 + -420402?
-420343
In base 12, what is -429ba - -1?
-429b9
In base 15, what is -3a6 - 1964?
-1d1a
In base 3, what is 101 - -2122112120?
2122112221
In base 12, what is 36518 - -2?
3651a
In base 8, what is 31123 + 36?
31161
In base 11, what is -241aa + 3a?
-24170
In base 14, what is 3717 - -292?
39a9
In base 10, what is -40240 - 2?
-40242
In base 5, what is 12420 - -4?
12424
In base 11, what is 8369 + 31?
839a
In base 12, what is 8 - -2bb15?
2bb21
In base 2, what is 100 + -111001101000?
-111001100100
In base 3, what is 101100112 - -111?
101101000
In base 7, what is -301 - -10125?
6524
In base 5, what is -1232302203 + 3?
-1232302200
In base 6, what is 325441 - -5?
325450
In base 9, what is 56 - -13837?
14004
In base 12, what is -21 + 815?
7b4
In base 11, what is -5 - 86307?
-86311
In base 16, what is -3 + 22969?
22966
In base 8, what is -113 + -37764?
-40077
In base 8, what is -551 - 20?
-571
In base 11, what is 5 + -2a29?
-2a24
In base 13, what is -7049 + 5?
-7044
In base 6, what is -341 + 12000?
11215
In base 14, what is -14 + -183a8?
-183bc
In base 9, what is -10 - -3603?
3583
In base 10, what is 6844 - -73?
6917
In base 6, what is -13 - 212553?
-213010
In base 10, what is 2 - 968639?
-968637
In base 10, what is -7 - 16626?
-16633
In base 3, what is -1200101101200 + 1?
-1200101101122
In base 11, what is -206 + 87?
-12a
In base 9, what is -63814 - -32?
-63772
In base 4, what is 10 + 2311230?
2311300
In base 7, what is 5 - 34316?
-34311
In base 6, what is 5 + 4531243?
4531252
In base 10, what is 0 - 5561?
-5561
In base 8, what is 607 + 1031?
1640
In base 8, what is -44050 - 2?
-44052
In base 4, what is 1 + 1021320?
1021321
In base 13, what is 286bb + -5?
286b6
In base 15, what is 17047 - 2?
17045
In base 14, what is -23ad + 194?
-2219
In base 13, what is 13 - 109?
-c6
In base 16, what is 2b8 + 1c24?
1edc
In base 10, what is 1 + -6943?
-6942
In base 10, what is -168 - 5613?
-5781
In base 5, what is 1030 - -12030?
13110
In base 12, what is 498 - -5a7?
a83
In base 13, what is 20 + a9a?
aba
In base 14, what is 4 + -2258?
-2254
In base 12, what is 51 - bb8b?
-bb3a
In base 3, what is -100012 - 21121?
-121210
In base 11, what is -1773888 + -4?
-1773891
In base 14, what is 3 - -bc3d?
bc42
In base 16, what is -1 - 3d67?
-3d68
In base 8, what is -565633 + 5?
-565626
In base 6, what is -53 + 2005?
1512
In base 14, what is -4a8 - 11?
-4b9
In base 9, what is 1 + 164101?
164102
In base 12, what is -3722 + 4?
-371a
In base 13, what is -4960 - -23?
-493a
In base 13, what is 6873 - -79?
691c
In base 5, what is -11 + 1121?
1110
In base 5, what is -2121133130 - 3?
-2121133133
In base 11, what is -71 + -6245?
-6306
In base 16, what is -1198 + 26?
-1172
In base 14, what is 0 - -c83b?
c83b
In base 13, what is -102cb3 + 7?
-102ca9
In base 10, what is 0 - 4278?
-4278
In base 2, what is -1011000011000 - -1010011?
-1010111000101
In base 12, what is -744 - 14b8?
-2040
In base 3, what is -2202001 + -212?
-2202220
In base 12, what is 3 + 33488?
3348b
In base 8, what is 5 + 141237?
141244
In base 16, what is 9 + 431?
43a
In base 13, what is 4 + -1781?
-177a
In base 3, what is -20 - 22022121?
-22022211
In base 5, what is 243 - 3331?
-3033
In base 9, what is -56544 - -6?
-56537
In base 11, what is 13 + 10541?
10554
In base 7, what is 262631 - -11?
262642
In base 4, what is -2030000033 - 0?
-2030000033
In base 6, what is 1353155 - 1?
1353154
In base 8, what is 574540 + -3?
574535
In base 14, what is -116 + -115d?
-1275
In base 9, what is -13 - -572?
558
In base 6, what is -2 - -254352?
254350
In base 5, what is -1212024 + -443?
-1